{"id":130,"date":"2026-02-09T20:35:01","date_gmt":"2026-02-09T19:35:01","guid":{"rendered":"https:\/\/www.chakaluna.fr\/?page_id=130"},"modified":"2026-03-31T10:56:01","modified_gmt":"2026-03-31T09:56:01","slug":"approche","status":"publish","type":"page","link":"https:\/\/www.chakaluna.fr\/index.php\/approche\/","title":{"rendered":"Approche"},"content":{"rendered":"\t\t<div data-elementor-type=\"wp-page\" data-elementor-id=\"130\" class=\"elementor elementor-130\" data-elementor-post-type=\"page\">\n\t\t\t\t<div class=\"elementor-element elementor-element-835b98d e-grid e-con-boxed e-con e-parent\" data-id=\"835b98d\" data-element_type=\"container\">\n\t\t\t\t\t<div class=\"e-con-inner\">\n\t\t\t\t<div class=\"elementor-element elementor-element-4899a34 elementor-widget elementor-widget-heading\" data-id=\"4899a34\" data-element_type=\"widget\" data-widget_type=\"heading.default\">\n\t\t\t\t\t<h2 class=\"elementor-heading-title elementor-size-default\">Consultations<\/h2>\t\t\t\t<\/div>\n\t\t\t\t<div class=\"elementor-element elementor-element-2b8c2ce elementor-widget elementor-widget-text-editor\" data-id=\"2b8c2ce\" data-element_type=\"widget\" data-widget_type=\"text-editor.default\">\n\t\t\t\t\t\t\t\t\t<p>Les consultations que je propose sont des accompagnements en lien avec le\u00a0<strong>bien-\u00eatre*<\/strong>. Pour cela, je vous propose diff\u00e9rentes techniques au sein de mes s\u00e9ances comme le Reiki, la pleine conscience, les techniques de relaxation etc\u2026<\/p>\t\t\t\t\t\t\t\t<\/div>\n\t\t\t\t\t<\/div>\n\t\t\t\t<\/div>\n\t\t<div class=\"elementor-element elementor-element-5c40790 e-flex e-con-boxed e-con e-parent\" data-id=\"5c40790\" data-element_type=\"container\">\n\t\t\t\t\t<div class=\"e-con-inner\">\n\t\t\t\t<div class=\"elementor-element elementor-element-868d921 elementor-widget__width-initial elementor-view-default elementor-widget elementor-widget-icon\" data-id=\"868d921\" data-element_type=\"widget\" data-widget_type=\"icon.default\">\n\t\t\t\t\t\t\t<div class=\"elementor-icon-wrapper\">\n\t\t\t<div class=\"elementor-icon\">\n\t\t\t<svg aria-hidden=\"true\" class=\"e-font-icon-svg e-fas-spa\" viewBox=\"0 0 576 512\" xmlns=\"http:\/\/www.w3.org\/2000\/svg\"><path d=\"M568.25 192c-29.04.13-135.01 6.16-213.84 83-33.12 29.63-53.36 63.3-66.41 94.86-13.05-31.56-33.29-65.23-66.41-94.86-78.83-76.84-184.8-82.87-213.84-83-4.41-.02-7.79 3.4-7.75 7.82.23 27.92 7.14 126.14 88.77 199.3C172.79 480.94 256 480 288 480s115.19.95 199.23-80.88c81.64-73.17 88.54-171.38 88.77-199.3.04-4.42-3.34-7.84-7.75-7.82zM287.98 302.6c12.82-18.85 27.6-35.78 44.09-50.52 19.09-18.61 39.58-33.3 60.26-45.18-16.44-70.5-51.72-133.05-96.73-172.22-4.11-3.58-11.02-3.58-15.14 0-44.99 39.14-80.27 101.63-96.74 172.07 20.37 11.7 40.5 26.14 59.22 44.39a282.768 282.768 0 0 1 45.04 51.46z\"><\/path><\/svg>\t\t\t<\/div>\n\t\t<\/div>\n\t\t\t\t\t\t<\/div>\n\t\t\t\t\t<\/div>\n\t\t\t\t<\/div>\n\t\t<div class=\"elementor-element elementor-element-cffea20 e-flex e-con-boxed e-con e-parent\" data-id=\"cffea20\" data-element_type=\"container\">\n\t\t\t\t\t<div class=\"e-con-inner\">\n\t\t\t\t<div class=\"elementor-element elementor-element-1dee117 elementor-widget elementor-widget-heading\" data-id=\"1dee117\" data-element_type=\"widget\" data-widget_type=\"heading.default\">\n\t\t\t\t\t<h2 class=\"elementor-heading-title elementor-size-default\">*Le bien-\u00eatre<\/h2>\t\t\t\t<\/div>\n\t\t\t\t\t<\/div>\n\t\t\t\t<\/div>\n\t\t<div class=\"elementor-element elementor-element-b6b0fef e-grid e-con-boxed e-con e-parent\" data-id=\"b6b0fef\" data-element_type=\"container\">\n\t\t\t\t\t<div class=\"e-con-inner\">\n\t\t\t\t<div class=\"elementor-element elementor-element-2f82060 elementor-widget elementor-widget-text-editor\" data-id=\"2f82060\" data-element_type=\"widget\" data-widget_type=\"text-editor.default\">\n\t\t\t\t\t\t\t\t\t<p>Issue du domaine de la promotion de la sant\u00e9, la vision que j\u2019ai du bien-\u00eatre \u00e9voque essentiellement celle de la sant\u00e9. En effet, la sant\u00e9 a \u00e9t\u00e9 d\u00e9finie par l\u2019Organisation Mondiale de la Sant\u00e9 (OMS) comme un \u00ab\u00a0<strong>\u00e9tat de complet bien \u00eatre physique, mental et social\u00a0<\/strong>\u00a0\u00bb<\/p>\t\t\t\t\t\t\t\t<\/div>\n\t\t\t\t<div class=\"elementor-element elementor-element-0e4f1e6 elementor-widget elementor-widget-image\" data-id=\"0e4f1e6\" data-element_type=\"widget\" data-widget_type=\"image.default\">\n\t\t\t\t\t\t\t\t\t\t\t\t\t\t\t<img fetchpriority=\"high\" decoding=\"async\" width=\"373\" height=\"373\" src=\"http:\/\/www.chakaluna.fr\/wp-content\/uploads\/2026\/02\/Approche2-Copie.png\" class=\"attachment-large size-large wp-image-146\" alt=\"\" srcset=\"http:\/\/www.chakaluna.fr\/wp-content\/uploads\/2026\/02\/Approche2-Copie.png 373w, http:\/\/www.chakaluna.fr\/wp-content\/uploads\/2026\/02\/Approche2-Copie-300x300.png 300w, http:\/\/www.chakaluna.fr\/wp-content\/uploads\/2026\/02\/Approche2-Copie-150x150.png 150w, http:\/\/www.chakaluna.fr\/wp-content\/uploads\/2026\/02\/Approche2-Copie-100x100.png 100w\" sizes=\"(max-width: 373px) 100vw, 373px\" \/>\t\t\t\t\t\t\t\t\t\t\t\t\t\t\t<\/div>\n\t\t\t\t\t<\/div>\n\t\t\t\t<\/div>\n\t\t<div class=\"elementor-element elementor-element-7a83326 e-flex e-con-boxed e-con e-parent\" data-id=\"7a83326\" data-element_type=\"container\">\n\t\t\t\t\t<div class=\"e-con-inner\">\n\t\t\t\t<div class=\"elementor-element elementor-element-ef109e7 elementor-widget__width-initial elementor-view-default elementor-widget elementor-widget-icon\" data-id=\"ef109e7\" data-element_type=\"widget\" data-widget_type=\"icon.default\">\n\t\t\t\t\t\t\t<div class=\"elementor-icon-wrapper\">\n\t\t\t<div class=\"elementor-icon\">\n\t\t\t<svg aria-hidden=\"true\" class=\"e-font-icon-svg e-fas-spa\" viewBox=\"0 0 576 512\" xmlns=\"http:\/\/www.w3.org\/2000\/svg\"><path d=\"M568.25 192c-29.04.13-135.01 6.16-213.84 83-33.12 29.63-53.36 63.3-66.41 94.86-13.05-31.56-33.29-65.23-66.41-94.86-78.83-76.84-184.8-82.87-213.84-83-4.41-.02-7.79 3.4-7.75 7.82.23 27.92 7.14 126.14 88.77 199.3C172.79 480.94 256 480 288 480s115.19.95 199.23-80.88c81.64-73.17 88.54-171.38 88.77-199.3.04-4.42-3.34-7.84-7.75-7.82zM287.98 302.6c12.82-18.85 27.6-35.78 44.09-50.52 19.09-18.61 39.58-33.3 60.26-45.18-16.44-70.5-51.72-133.05-96.73-172.22-4.11-3.58-11.02-3.58-15.14 0-44.99 39.14-80.27 101.63-96.74 172.07 20.37 11.7 40.5 26.14 59.22 44.39a282.768 282.768 0 0 1 45.04 51.46z\"><\/path><\/svg>\t\t\t<\/div>\n\t\t<\/div>\n\t\t\t\t\t\t<\/div>\n\t\t\t\t\t<\/div>\n\t\t\t\t<\/div>\n\t\t<div class=\"elementor-element elementor-element-2a33550 e-grid e-con-boxed e-con e-parent\" data-id=\"2a33550\" data-element_type=\"container\">\n\t\t\t\t\t<div class=\"e-con-inner\">\n\t\t\t\t<div class=\"elementor-element elementor-element-729ada7 elementor-widget elementor-widget-heading\" data-id=\"729ada7\" data-element_type=\"widget\" data-widget_type=\"heading.default\">\n\t\t\t\t\t<h5 class=\"elementor-heading-title elementor-size-default\">Alors que signifie r\u00e9ellement cette notion de bien-\u00eatre ?<\/h5>\t\t\t\t<\/div>\n\t\t\t\t<div class=\"elementor-element elementor-element-e329ab4 elementor-widget elementor-widget-text-editor\" data-id=\"e329ab4\" data-element_type=\"widget\" data-widget_type=\"text-editor.default\">\n\t\t\t\t\t\t\t\t\t<p>D\u2019abord, Larousse la d\u00e9finit comme un \u00ab \u00e9tat agr\u00e9able r\u00e9sultant de la satisfaction des besoins du corps et du calme de l\u2019esprit \u00bb. Mais mise \u00e0 part la d\u00e9finition du dictionnaire, il n\u2019est pas \u00e9vident de s\u2019accorder sur la signification exacte de ce terme tant son \u00e9valuation peut \u00eatre subjective.<\/p><p>Pour ma part, je le relie \u00e9troitement \u00e0 la notion d\u2019HARMONIE ou d\u2019EQUILIBRE. Le bien-\u00eatre peut \u00eatre en lien avec le corps ou l\u2019esprit (voir les deux) et est \u00e9valu\u00e9 de mani\u00e8re personnelle et subjective.<\/p>\t\t\t\t\t\t\t\t<\/div>\n\t\t\t\t\t<\/div>\n\t\t\t\t<\/div>\n\t\t<div class=\"elementor-element elementor-element-3f7bd04 e-grid e-con-boxed e-con e-parent\" data-id=\"3f7bd04\" data-element_type=\"container\">\n\t\t\t\t\t<div class=\"e-con-inner\">\n\t\t\t\t<div class=\"elementor-element elementor-element-662856f elementor-widget elementor-widget-image\" data-id=\"662856f\" data-element_type=\"widget\" data-widget_type=\"image.default\">\n\t\t\t\t\t\t\t\t\t\t\t\t\t\t\t<img decoding=\"async\" width=\"200\" height=\"300\" src=\"http:\/\/www.chakaluna.fr\/wp-content\/uploads\/2026\/02\/IMG_8930-200x300.jpg\" class=\"attachment-medium size-medium wp-image-141\" alt=\"\" srcset=\"http:\/\/www.chakaluna.fr\/wp-content\/uploads\/2026\/02\/IMG_8930-200x300.jpg 200w, http:\/\/www.chakaluna.fr\/wp-content\/uploads\/2026\/02\/IMG_8930-683x1024.jpg 683w, http:\/\/www.chakaluna.fr\/wp-content\/uploads\/2026\/02\/IMG_8930-768x1152.jpg 768w, http:\/\/www.chakaluna.fr\/wp-content\/uploads\/2026\/02\/IMG_8930-1024x1536.jpg 1024w, http:\/\/www.chakaluna.fr\/wp-content\/uploads\/2026\/02\/IMG_8930-1365x2048.jpg 1365w, http:\/\/www.chakaluna.fr\/wp-content\/uploads\/2026\/02\/IMG_8930-1320x1980.jpg 1320w, http:\/\/www.chakaluna.fr\/wp-content\/uploads\/2026\/02\/IMG_8930-600x900.jpg 600w, http:\/\/www.chakaluna.fr\/wp-content\/uploads\/2026\/02\/IMG_8930-scaled.jpg 1707w\" sizes=\"(max-width: 200px) 100vw, 200px\" \/>\t\t\t\t\t\t\t\t\t\t\t\t\t\t\t<\/div>\n\t\t\t\t<div class=\"elementor-element elementor-element-e10a418 elementor-widget elementor-widget-text-editor\" data-id=\"e10a418\" data-element_type=\"widget\" data-widget_type=\"text-editor.default\">\n\t\t\t\t\t\t\t\t\t<p>C\u2019est un \u00e9tat!<\/p><p>Cela signifie qu\u2019il peut \u00e9voluer, nous pouvons donc avoir des moments de vie o\u00f9 l\u2019on ressent un bien-\u00eatre g\u00e9n\u00e9ral et d\u2019autres o\u00f9 l\u2019on ne ressent que peu ou pas cela. Mais c\u2019est une notion dynamique et \u00e9volutive qui se construit au fur et \u00e0 mesure du chemin de vie. Comme cet \u00e9tat est en fonction du ressenti de chacun, il n\u2019y a aucune \u00ab recette miracle \u00bb pour atteindre le bien-\u00eatre.<\/p>\t\t\t\t\t\t\t\t<\/div>\n\t\t\t\t\t<\/div>\n\t\t\t\t<\/div>\n\t\t<div class=\"elementor-element elementor-element-1fc137a e-flex e-con-boxed e-con e-parent\" data-id=\"1fc137a\" data-element_type=\"container\">\n\t\t\t\t\t<div class=\"e-con-inner\">\n\t\t\t\t<div class=\"elementor-element elementor-element-242b858 elementor-widget elementor-widget-text-editor\" data-id=\"242b858\" data-element_type=\"widget\" data-widget_type=\"text-editor.default\">\n\t\t\t\t\t\t\t\t\t<p>Et d\u2019ailleurs, il n\u2019est jamais compl\u00e8tement atteint, c\u2019est pour cette raison que dans notre centre\u00a0<a href=\"https:\/\/ceibapeluna.wixsite.com\/toulouse\"><strong><em>Ceiba Peluna<\/em><\/strong><\/a>\u00a0nous parlons d\u2019accompagnement au mieux-\u00eatre.<\/p><p>Malgr\u00e9 nos diff\u00e9rences, chacun(e) est n\u00e9anmoins en mesure de\u00a0<strong>d\u00e9velopper des comp\u00e9tences (avec plus ou moins de facilit\u00e9 bien sur) qui renforcent ce sentiment de bien-\u00eatre<\/strong>. C\u2019est ce que l\u2019OMS appelle les \u00ab comp\u00e9tences psycho-sociales \u00bb. Il en existe de tout type et elles peuvent se d\u00e9velopper gr\u00e2ce aux exp\u00e9riences de vie mais aussi \u00e0 des activit\u00e9s et\/ou accompagnements d\u00e9di\u00e9(e)s \u00e0 cela.<\/p><p>Il y a par exemple :<\/p>\t\t\t\t\t\t\t\t<\/div>\n\t\t\t\t\t<\/div>\n\t\t\t\t<\/div>\n\t\t<div class=\"elementor-element elementor-element-13860ad e-flex e-con-boxed e-con e-parent\" data-id=\"13860ad\" data-element_type=\"container\">\n\t\t\t\t\t<div class=\"e-con-inner\">\n\t\t\t\t<div class=\"elementor-element elementor-element-bf4abdf elementor-align-center elementor-widget elementor-widget-button\" data-id=\"bf4abdf\" data-element_type=\"widget\" data-widget_type=\"button.default\">\n\t\t\t\t\t\t\t\t\t\t<a class=\"elementor-button elementor-button-link elementor-size-sm\" href=\"#\">\n\t\t\t\t\t\t<span class=\"elementor-button-content-wrapper\">\n\t\t\t\t\t\t\t\t\t<span class=\"elementor-button-text\">l'estime de soi<\/span>\n\t\t\t\t\t<\/span>\n\t\t\t\t\t<\/a>\n\t\t\t\t\t\t\t\t<\/div>\n\t\t\t\t<div class=\"elementor-element elementor-element-9eb92fa elementor-align-center elementor-widget elementor-widget-button\" data-id=\"9eb92fa\" data-element_type=\"widget\" data-widget_type=\"button.default\">\n\t\t\t\t\t\t\t\t\t\t<a class=\"elementor-button elementor-button-link elementor-size-sm\" href=\"#\">\n\t\t\t\t\t\t<span class=\"elementor-button-content-wrapper\">\n\t\t\t\t\t\t\t\t\t<span class=\"elementor-button-text\">l'empathie<\/span>\n\t\t\t\t\t<\/span>\n\t\t\t\t\t<\/a>\n\t\t\t\t\t\t\t\t<\/div>\n\t\t\t\t<div class=\"elementor-element elementor-element-4b0e1fb elementor-align-center elementor-widget elementor-widget-button\" data-id=\"4b0e1fb\" data-element_type=\"widget\" data-widget_type=\"button.default\">\n\t\t\t\t\t\t\t\t\t\t<a class=\"elementor-button elementor-button-link elementor-size-sm\" href=\"#\">\n\t\t\t\t\t\t<span class=\"elementor-button-content-wrapper\">\n\t\t\t\t\t\t\t\t\t<span class=\"elementor-button-text\">la gestion des \u00e9motions<\/span>\n\t\t\t\t\t<\/span>\n\t\t\t\t\t<\/a>\n\t\t\t\t\t\t\t\t<\/div>\n\t\t\t\t<div class=\"elementor-element elementor-element-09e22d4 elementor-align-center elementor-widget elementor-widget-button\" data-id=\"09e22d4\" data-element_type=\"widget\" data-widget_type=\"button.default\">\n\t\t\t\t\t\t\t\t\t\t<a class=\"elementor-button elementor-button-link elementor-size-sm\" href=\"#\">\n\t\t\t\t\t\t<span class=\"elementor-button-content-wrapper\">\n\t\t\t\t\t\t\t\t\t<span class=\"elementor-button-text\">la gestion des \u00e9motions<\/span>\n\t\t\t\t\t<\/span>\n\t\t\t\t\t<\/a>\n\t\t\t\t\t\t\t\t<\/div>\n\t\t\t\t\t<\/div>\n\t\t\t\t<\/div>\n\t\t<div class=\"elementor-element elementor-element-dd2256b e-grid e-con-boxed e-con e-parent\" data-id=\"dd2256b\" data-element_type=\"container\">\n\t\t\t\t\t<div class=\"e-con-inner\">\n\t\t\t\t\t<\/div>\n\t\t\t\t<\/div>\n\t\t<div class=\"elementor-element elementor-element-d5ba024 e-flex e-con-boxed e-con e-parent\" data-id=\"d5ba024\" data-element_type=\"container\">\n\t\t\t\t\t<div class=\"e-con-inner\">\n\t\t\t\t<div class=\"elementor-element elementor-element-b42fa87 elementor-widget elementor-widget-text-editor\" data-id=\"b42fa87\" data-element_type=\"widget\" data-widget_type=\"text-editor.default\">\n\t\t\t\t\t\t\t\t\t<p>Nous travaillerons donc ces aptitudes de mani\u00e8re transversale lors de nos s\u00e9ances. C\u2019est un point central dans mon approche et dans ma posture.<\/p>\t\t\t\t\t\t\t\t<\/div>\n\t\t\t\t\t<\/div>\n\t\t\t\t<\/div>\n\t\t<div class=\"elementor-element elementor-element-e680681 e-flex e-con-boxed e-con e-parent\" data-id=\"e680681\" data-element_type=\"container\">\n\t\t\t\t\t<div class=\"e-con-inner\">\n\t\t\t\t<div class=\"elementor-element elementor-element-5089764 elementor-widget__width-initial elementor-widget elementor-widget-image\" data-id=\"5089764\" data-element_type=\"widget\" data-widget_type=\"image.default\">\n\t\t\t\t\t\t\t\t\t\t\t\t\t\t\t<img decoding=\"async\" width=\"768\" height=\"512\" src=\"http:\/\/www.chakaluna.fr\/wp-content\/uploads\/2026\/02\/IMG_8747-768x512.jpg\" class=\"attachment-medium_large size-medium_large wp-image-142\" alt=\"\" srcset=\"http:\/\/www.chakaluna.fr\/wp-content\/uploads\/2026\/02\/IMG_8747-768x512.jpg 768w, http:\/\/www.chakaluna.fr\/wp-content\/uploads\/2026\/02\/IMG_8747-300x200.jpg 300w, http:\/\/www.chakaluna.fr\/wp-content\/uploads\/2026\/02\/IMG_8747-1024x683.jpg 1024w, http:\/\/www.chakaluna.fr\/wp-content\/uploads\/2026\/02\/IMG_8747-1536x1024.jpg 1536w, http:\/\/www.chakaluna.fr\/wp-content\/uploads\/2026\/02\/IMG_8747-2048x1365.jpg 2048w, http:\/\/www.chakaluna.fr\/wp-content\/uploads\/2026\/02\/IMG_8747-1320x880.jpg 1320w, http:\/\/www.chakaluna.fr\/wp-content\/uploads\/2026\/02\/IMG_8747-600x400.jpg 600w\" sizes=\"(max-width: 768px) 100vw, 768px\" \/>\t\t\t\t\t\t\t\t\t\t\t\t\t\t\t<\/div>\n\t\t\t\t\t<\/div>\n\t\t\t\t<\/div>\n\t\t<div class=\"elementor-element elementor-element-81c3a2c e-flex e-con-boxed e-con e-parent\" data-id=\"81c3a2c\" data-element_type=\"container\">\n\t\t\t\t\t<div class=\"e-con-inner\">\n\t\t\t\t<div class=\"elementor-element elementor-element-02174b2 elementor-widget__width-initial elementor-view-default elementor-widget elementor-widget-icon\" data-id=\"02174b2\" data-element_type=\"widget\" data-widget_type=\"icon.default\">\n\t\t\t\t\t\t\t<div class=\"elementor-icon-wrapper\">\n\t\t\t<div class=\"elementor-icon\">\n\t\t\t<svg aria-hidden=\"true\" class=\"e-font-icon-svg e-fas-spa\" viewBox=\"0 0 576 512\" xmlns=\"http:\/\/www.w3.org\/2000\/svg\"><path d=\"M568.25 192c-29.04.13-135.01 6.16-213.84 83-33.12 29.63-53.36 63.3-66.41 94.86-13.05-31.56-33.29-65.23-66.41-94.86-78.83-76.84-184.8-82.87-213.84-83-4.41-.02-7.79 3.4-7.75 7.82.23 27.92 7.14 126.14 88.77 199.3C172.79 480.94 256 480 288 480s115.19.95 199.23-80.88c81.64-73.17 88.54-171.38 88.77-199.3.04-4.42-3.34-7.84-7.75-7.82zM287.98 302.6c12.82-18.85 27.6-35.78 44.09-50.52 19.09-18.61 39.58-33.3 60.26-45.18-16.44-70.5-51.72-133.05-96.73-172.22-4.11-3.58-11.02-3.58-15.14 0-44.99 39.14-80.27 101.63-96.74 172.07 20.37 11.7 40.5 26.14 59.22 44.39a282.768 282.768 0 0 1 45.04 51.46z\"><\/path><\/svg>\t\t\t<\/div>\n\t\t<\/div>\n\t\t\t\t\t\t<\/div>\n\t\t\t\t\t<\/div>\n\t\t\t\t<\/div>\n\t\t<div class=\"elementor-element elementor-element-3ff4abe e-flex e-con-boxed e-con e-parent\" data-id=\"3ff4abe\" data-element_type=\"container\">\n\t\t\t\t\t<div class=\"e-con-inner\">\n\t\t\t\t\t<\/div>\n\t\t\t\t<\/div>\n\t\t\t\t<\/div>\n\t\t","protected":false},"excerpt":{"rendered":"<p>Consultations Les consultations que je propose sont des accompagnements en lien avec le\u00a0bien-\u00eatre*. Pour cela, je vous propose diff\u00e9rentes techniques au sein de mes s\u00e9ances comme le Reiki, la pleine conscience, les techniques de relaxation etc\u2026 *Le bien-\u00eatre Issue du domaine de la promotion de la sant\u00e9, la vision que j\u2019ai du bien-\u00eatre \u00e9voque essentiellement [&hellip;]<\/p>\n","protected":false},"author":1,"featured_media":0,"parent":0,"menu_order":0,"comment_status":"closed","ping_status":"closed","template":"","meta":{"footnotes":""},"class_list":["post-130","page","type-page","status-publish","hentry"],"jetpack_sharing_enabled":true,"_links":{"self":[{"href":"https:\/\/www.chakaluna.fr\/index.php\/wp-json\/wp\/v2\/pages\/130","targetHints":{"allow":["GET"]}}],"collection":[{"href":"https:\/\/www.chakaluna.fr\/index.php\/wp-json\/wp\/v2\/pages"}],"about":[{"href":"https:\/\/www.chakaluna.fr\/index.php\/wp-json\/wp\/v2\/types\/page"}],"author":[{"embeddable":true,"href":"https:\/\/www.chakaluna.fr\/index.php\/wp-json\/wp\/v2\/users\/1"}],"replies":[{"embeddable":true,"href":"https:\/\/www.chakaluna.fr\/index.php\/wp-json\/wp\/v2\/comments?post=130"}],"version-history":[{"count":25,"href":"https:\/\/www.chakaluna.fr\/index.php\/wp-json\/wp\/v2\/pages\/130\/revisions"}],"predecessor-version":[{"id":305,"href":"https:\/\/www.chakaluna.fr\/index.php\/wp-json\/wp\/v2\/pages\/130\/revisions\/305"}],"wp:attachment":[{"href":"https:\/\/www.chakaluna.fr\/index.php\/wp-json\/wp\/v2\/media?parent=130"}],"curies":[{"name":"wp","href":"https:\/\/api.w.org\/{rel}","templated":true}]}}